g*w. What is the units digit of j?
3
Suppose -16 + 31 = -3*a, -5*a = 2*h - 2955. Suppose 47 = -3*q + h. What is the units digit of q?
1
What is the tens digit of (6540/(-360))/(5 - (-59884)/(-11976))?
9
Let o = 266 + 50. Suppose -6*t + o = 28. What is the tens digit of t?
4
Suppose 0 = -27*b + 22*b - 2*d + 13986, 13989 = 5*b + 3*d. Suppose -b = 31*o - 34*o. What is the hundreds digit of o?
9
Let c(m) = 12*m + 84. Let b be c(-7). Suppose 0 = -5*v - 3*i - i + 1162, 2*i + 4 = b. What is the units digit of v?
4
Suppose 2*w = 4*z - 4, 4*w - 18 = -2*z - 3*z. Let g be (8/(-7) + 2)/(87/17864*22). Suppose w*k - 226 = -s, -20 = 3*s - g*s. What is the units digit of k?
1
Suppose -4*g = -y - 2*g - 67, -g - 1 = 0. Suppose 4*t - 730 = -2*w - 3*w, -4*w = 4*t - 580. Let v = w + y. What is the units digit of v?
1
Let m be 44/(-33) - (-2)/(-3). What is the tens digit of m*((-843)/22 - 38/209)?
7
Suppose -4*z = -7*z - 174. Let d = 127 + z. Suppose -o + d = t - 7, 4*t - 20 = 0. What is the units digit of o?
1
Suppose 13 - 9 = k. Let a be (-10)/((k - 5)/(-1)). What is the units digit of a/(-15) + (-3 - (-768)/9)?
3
Suppose 5*q = 117*y - 113*y - 130382, 3*y + 3*q = 97746. What is the hundreds digit of y?
5
Suppose -b = -78 - 12. Suppose -b = 35*d - 38*d. What is the tens digit of 1114/d - (-4)/(-30)?
3
Let m be 1/(-2)*(-1 + -1) - 5. What is the tens digit of 2214/m*(-4)/6?
6
Suppose -554*u - 2483532 = -304*u - 286*u. What is the units digit of u?
7
Let x = 25219 + -12777. What is the thousands digit of x?
2
Suppose -4*p - 2*s - 112844 + 331382 = 0, -4*p + 218539 = 3*s. What is the ten thousands digit of p?
5
Let u = -8634 + 18458. What is the thousands digit of u?
9
Suppose 0 = -18*g + 798873 + 116013. What is the units digit of g?
7
Suppose 0 = 4*v + 2*k - 5*k - 28122, -5*k - 14068 = -2*v. What is the thousands digit of v?
7
Let t(u) = -187*u + 11826. What is the ten thousands digit of t(0)?
1
Let f = 24 - 15. Let q(j) = -j**2 + 10*j - 8. Let o be q(f). What is the tens digit of (1 + (-288)/(-3))/(1/o)?
9
Let a be (-56)/(-6)*-6 + (2 - 4). Let o = -100 - a. What is the units digit of 6/4*(-7)/(o/472)?
8
Suppose -12*p = -7*p - 40. Suppose 10*t = p*t + 22. Suppose t*m - x = 7*m + 278, -2*m - 3*x = -146. What is the units digit of m?
0
Let j be (-11944)/10 - 21/35. Let b = -627 - j. What is the units digit of b?
8
Let m(w) be the first derivative of -3*w**2/2 - 9*w + 23. Let t be m(-4). Suppose h - t = 0, 0 = -o + 2*h + 17 + 52. What is the units digit of o?
5
Let m(u) = u**3 - 12*u**2 + 12*u - 4. Let g be m(11). Suppose -g*t = -4*t + 12. What is the units digit of t/((-4)/52*2)?
6
Let i = 56 + -55. Suppose b = g - 4*g + 542, b = -i. What is the tens digit of g?
8
Let d(a) = -a**2 - 9*a - 16. Let s be d(-6). Suppose -s*x = -3*h - 1094, 5*h - h - 1624 = -3*x. What is the hundreds digit of x?
5
Let o(s) = 17*s**3 + 3*s + 1. Let z = -26 + 28. Let f be o(z). Let l = f + 81. What is the tens digit of l?
2
Let y = -260 + 263. Suppose -718 = -y*b + b. What is the units digit of b?
9
Suppose -13039 - 15041 = -12*l. Let y = l + -1319. What is the units digit of y?
1
Let y = 23245 + 2568. What is the ten thousands digit of y?
2
Let r(b) = -1205*b + 9 - 16 + 267*b - 402*b. What is the tens digit of r(-1)?
3
Suppose 6*z - z + c - 15 = 0, -3*z - 2*c + 2 = 0. Suppose -6 - 10 = -z*f. Suppose -5*s - f*y = -339 + 18, y - 194 = -3*s. What is the tens digit of s?
6
Let o(v) = -3*v - 41. Let g be o(-18). Let z = -10 + g. Suppose -z*t = -0*t + c - 25, 3*t = -5*c + 5. What is the tens digit of t?
1
Suppose -8 + 17 = 3*w. Let s(t) = -10 - w*t**2 + 10*t - 2*t**2 + 9*t**2. What is the units digit of s(-6)?
4
Let d be (396 - -1)/(2 + -4 + 3). Let l = -245 + d. What is the hundreds digit of l?
1
Let r(o) = 5*o**2 + 4*o + 3. Let k be r(-4). Suppose 5*g + w - 102 - k = 0, 4*g = 4*w + 116. Suppose -4*f = 1 - g. What is the units digit of f?
8
What is the thousands digit of (2/4)/(4 + 76209/(-19054))?
1
Suppose 50*w - 341000 = 46*w. What is the thousands digit of w?
5
Let m(v) = -2*v**3 + v. Suppose r - 8*i + 3*i - 9 = 0, -2*r = 3*i - 5. Let j(w) = -w. Let s be j(r). What is the units digit of m(s)?
4
Let c(v) = 14*v**2 + 24*v + 10. Let p be c(-4). Suppose -p = -17*a + 66. What is the tens digit of a?
1
Let v(j) be the third derivative of j**4/24 - 4*j**3/3 + 11*j**2. Let t be v(11). Suppose 78 = t*o - 4*u + 3*u, -4*o - u = -111. What is the tens digit of o?
2
Suppose 0 = -i + 2*o + 19, -2*i - 2*o + 97 = i. Suppose 0 = -26*b + i*b - 396. Suppose 283 = 5*n - b. What is the units digit of n?
3
Let f = -6115 + 9005. What is the units digit of f?
0
Suppose 49*u + 322653 - 1001220 = 502627. What is the thousands digit of u?
4
Let w = -186 + 225. Suppose -33*x + w*x = 4380. What is the tens digit of x?
3
Let a(x) = -18*x**2 + 5*x - 2. Let f be a(2). Let r = -62 - f. Suppose 5*v + w - 74 = -r, -22 = -2*v + 3*w. What is the units digit of v?
4
Suppose -3544 + 11029 = 3*h. Suppose 4*l = -495 + h. Suppose -k - 4*k - 4*t + l = 0, -t + 293 = 3*k. What is the tens digit of k?
9
Suppose -13*m = 205428 - 495900. What is the tens digit of m?
4
Let k(l) = l**2 + 10*l + 1. Let b(q) = -31*q. Let a be b(1). Let r = a - -39. What is the units digit of k(r)?
5
Suppose 8*k - 2057 = 2487. Suppose -3*x = -5*q - 213 - 643, -2*x + 4*q = -k. What is the units digit of x?
2
Let t(p) = -31*p - 18. Suppose -196*i + 12 = -200*i. What is the units digit of t(i)?
5
Suppose 2*o = -5*k + 3*o - 1382, -5*o = 4*k + 1094. Let d be (-4)/10 + k/(-115). Suppose 3*w - d*x = 75 + 72, 5*w - 245 = 3*x. What is the tens digit of w?
4
Let l(q) be the second derivative of q**4/12 - 2*q**3/3 + q**2 - 47*q. Let b be 1 - (4 + (5 - 3)). What is the tens digit of l(b)?
4
Let o be -4 + 0 + 3 + 93/3. Suppose -o*m = -35*m + 245. What is the units digit of m?
9
Suppose 26621 - 1001013 = -31*y. What is the units digit of y?
2
What is the thousands digit of -2*(-1543725)/486 - 2/(-9)?
6
Let n be (-30)/8*3*(-64)/3. Suppose -11*k + n = -9*k. What is the hundreds digit of k?
1
Let b(t) = -337*t + 6617. What is the units digit of b(-54)?
5
Let l be (0 - -1 - -14)*2/(-6). What is the units digit of l - (-8270)/15*9/6?
2
Suppose 5*u + 34215 = 5*y, -5*u - 18305 = -y + 15898. What is the thousands digit of u/(-144)*148/5?
1
Let d(g) = -10*g - 384. Let w be d(-38). What is the hundreds digit of 3*(-19340)/(-30)*(-2)/w?
9
Let b = 28684 - 16925. What is the ten thousands digit of b?
1
Let x(i) = -2967*i - 5 + 2928*i - 34 - 2*i**2. What is the units digit of x(-15)?
6
Let d(h) = h**3 - 3*h**2 - 8*h + 8229. What is the tens digit of d(0)?
2
Suppose 198 = 5*s + 5*f - 27, -5*f - 207 = -4*s. Suppose -9*k + 472 = -5*k. Let o = k + s. What is the hundreds digit of o?
1
Let p = 245 + -250. What is the hundreds digit of (p - 1614/(-42))*28?
9
Let j be 24/18 - (-4)/(-3). Suppose 2*s - 33 = s + 5*x, x + 5 = j. Suppose u - 7 = -o - 2, 3*o = 4*u + s. What is the units digit of o?
4
Let p(n) = 659*n + 1033. What is the units digit of p(9)?
4
Let v be 0 + -1 + (417 - 53). Suppose 2*h + 5*g = 643, 2*h + g = 260 + v. What is the units digit of h?
9
Let a = 54051 - 28017. What is the hundreds digit of a?
0
Suppose -7068 = 1392*d - 1394*d. What is the thousands digit of d?
3
Let c be 90 + (6 + 1 - 3). Suppose -5*h + 406 = -c. What is the tens digit of h?
0
Let i(h) = -48 - 6*h - 26*h + 51. Let r be i(-5). Suppose -314 = -3*z + r. What is the units digit of z?
9
Suppose 3*g - 12 = -15. Let b(a) = 687*a**2 - 7*a - 7. What is the units digit of b(g)?
7
Let y be (5 + (-18)/4)*6. Suppose y*w = -3*d + 5*w + 851, 281 = d + 2*w. What is the tens digit of d?
8
What is the thousands digit of 2488*(((-1672)/16)/(-11))/1?
3
Suppose 2*p = 4*g - 0*p - 20, p + 2 = 0. Suppose -2*s + 10 = -c + g, 5*c = 4*s. What is the units digit of (5/c)/((-2)/(-80))?
0
Let d = 73666 + -31114. What is the thousands digit of d?
2
Suppose 16*i + 368 = 32*i. Suppose -i*l = -201 - 926. What is the units digit of l?
9
Let m(p) = -2*p**2 - 11*p + 7. Let z = 64 - 34. Let v = -35 + z. What is the units digit of m(v)?
2
Let s = -3 - -7. Let w(c) be the second derivative of c**5/10 - c**4/6 - 2*c**3/3 - c**2 - 5*c - 34. What is the tens digit of w(s)?
7
Let f(m) = m**2 - 2*m + 9. Let p be f(0). Suppose p*g = 2432 + 5497. Wh